4*f + 27*f**2 - 2 - 6*f - 26*f**2. Determine b(-2).
6
Let i = 96 + -97. Let z(q) = 5*q**3 - 5*q**2 - 2*q - 1. Let w(n) = 4*n**3 - 6*n**2 - 2*n - 1. Let v(u) = 3*w(u) - 4*z(u). What is v(i)?
9
Let v(h) = 3*h + 79. Let w be v(0). Let q(t) = 2 + 78*t**3 + 4 - w*t**3. Calculate q(0).
6
Let r(w) = w**2 - w - 2. Let m be r(3). Suppose -3*s = 3*n - m*s + 14, 3*n + 6 = 3*s. Let d(o) = 7 + 22*o - 13*o - o**2 + 1 - 13*o. Calculate d(n).
-4
Let y(b) = -b**3 - 7*b**2 - b - 9. Let t(o) = 34*o + 333. Let v be t(-10). Calculate y(v).
-2
Let a(h) = -7*h**2 + 17*h**2 - 7*h**2 + 3. Let r(f) = f. Let x(j) = a(j) - 4*r(j). Calculate x(2).
7
Let n = 5 - 3. Let h = -255 + 258. Let k(p) = -h*p + n*p - 5*p + 3*p. What is k(-2)?
6
Let c(l) be the third derivative of 5/24*l**4 + 0*l - 3*l**2 - 1/2*l**3 - 2. Let w(d) = d**3 + d**2. Let s be w(1). What is c(s)?
7
Let o(d) be the second derivative of -1/2*d**2 - 2*d + 2/3*d**3 + 0. Suppose q + 1 = 2*v - 4, -v + q + 3 = 0. Calculate o(v).
7
Let s(z) = -z**2 + 8*z + 2. Let i = -15 + 23. What is s(i)?
2
Suppose -x = 3*x - 4*i - 28, 17 = 5*x + 4*i. Let v(r) = 3*r**2 + 16*r**3 - 5*r - 2*r**2 + x*r - 1. Suppose -2*s + 3 = -0*w - w, -3*s = -w - 4. What is v(w)?
-16
Let p be (18/(-4))/(6/(-8)). Let i(y) be the third derivative of y**4/24 - 7*y**3/6 + 6*y**2 + 1. What is i(p)?
-1
Let x(v) be the third derivative of v**5/30 + v**4/8 - v**3/2 - 5*v**2. Let p = -29 - -35. Suppose -2*b - 5*i = 2*b + 2, -p = -3*i. What is x(b)?
6
Suppose -9 = 23*t - 26*t. Let n be ((-1)/t)/((2/9)/2). Let o(q) = -q**2 - 3*q + 4. What is o(n)?
4
Suppose -4*u + 5*t - 1 = -13, -2*u = -4*t - 6. Let l(q) = -u - 7 - 14 + 7*q + 25. Calculate l(-1).
-6
Let r(g) = -7*g**2 - 1. Let k be r(1). Let l(j) = -10*j - 2 - 5 - 12*j + 21*j. Calculate l(k).
1
Let p(c) = -2*c**3 + 9*c**2 - 9*c - 5. Let v(h) = 3*h**3 - 10*h**2 + 10*h + 5. Let w(b) = 4*p(b) + 3*v(b). Determine w(-7).
-12
Let f(h) be the first derivative of -13*h**4/2 + h**3/3 - h - 72. Calculate f(1).
-26
Suppose -175 = -13*f - 22*f. Let h(g) = -g + 4. Calculate h(f).
-1
Let l(b) be the second derivative of -5*b**3/6 + b**2/2 + 109*b. What is l(1)?
-4
Let b(y) = -5*y**2 + 10*y + 2. Let t(w) be the third derivative of -w**5/10 + 11*w**4/24 + w**3/2 - 7*w**2. Let v(m) = -5*b(m) + 4*t(m). Determine v(5).
-3
Let w = 35 - 35. Suppose -2*y = 4*z + 24, -2*y - 2*z - 3*z - 29 = w. Let a(d) = 3*d**2 - 3*d - 2. Calculate a(y).
16
Suppose -2*o + 8 = -2*q, -5*q = -3*o - 0*o + 14. Suppose 14 = -4*s + 3*f - o, 2*s - 3*f + 13 = 0. Let k(c) = -2*c - 2. Determine k(s).
2
Let j(w) = 4*w**3 - w**2. Let k = -3 + 5. Let u be (-2 - (-15)/2)/(7/14). Suppose -y + k*q = -5, q = -5*y + 4*q + u. Determine j(y).
3
Let a(l) = 2*l**3 - l - 1. Let p be a(-1). Let u(h) be the third derivative of -12*h**2 + 1/120*h**6 + 0*h + 1/8*h**4 + 1/60*h**5 + 1/6*h**3 + 0. Give u(p).
-9
Let q be ((-48)/(-9))/(-4)*3. Let l(m) = -14*m - 8. Let p(r) = r - 1. Let z(i) = -l(i) - p(i). Let w(o) = -3*o - 2. Let k(d) = q*z(d) - 18*w(d). What is k(2)?
4
Suppose -5*b + s = 7, b + 5*s + 6 + 11 = 0. Let w(n) = 3*n**3 - 7*n**2 - n + 16. Let m(q) = q**3 - 3*q**2 + 7. Let u(p) = -5*m(p) + 2*w(p). Determine u(b).
-3
Let i be (-4)/(-6) + 0/(-4 - -2). Let u(o) be the second derivative of 0 - i*o**3 + 0*o**2 - 2*o. Determine u(-3).
12
Let l(n) = -n**3 + 6*n + 6. Suppose 114*a + 4*z + 6 = 109*a, 2*z - 2 = 0. Calculate l(a).
2
Suppose x + 3 + 1 = 0. Let a(g) be the first derivative of -g**7/840 - g**6/90 + g**4/6 - 4*g**3 - 18. Let d(h) be the third derivative of a(h). Calculate d(x).
4
Let v(t) = -t**3 + 3*t**2 + 4*t - 1. Let j(o) = 2*o + 5. Let c be j(0). Suppose 4 = -c*n + 24. Suppose 5*b + 21 = n*l - 20, 5*l - 5*b = 45. What is v(l)?
-1
Let j(c) be the first derivative of c**2/2 - 4*c - 3. Suppose -b - 7 = -10. Calculate j(b).
-1
Let m(h) = -7*h**3 - 7*h**2 - 9*h - 1. Let r(c) = -17*c**3 - 14*c**2 - 18*c - 1. Let y(v) = -5*m(v) + 2*r(v). Calculate y(-6).
-15
Let g(j) = 2*j**2 + 3*j + 9. Let p(x) = 5*x**2 - 4*x - 3. Let c(r) = 2*r**2 - 2*r - 2. Let k(i) = -7*c(i) + 3*p(i). Let u(h) = 4*g(h) - 7*k(h). Give u(3).
4
Let s(x) = -8*x + 93. Let b be s(12). Let v(y) = y**3 + 4*y**2. Give v(b).
9
Let g(a) = a + 20. Let l be g(-15). Let c be ((72/40)/(-3))/((-1)/l). Let z(v) = -v**3 + 4*v**2 - 2*v - 3. Calculate z(c).
0
Let k(r) = -21*r - 6*r - 21*r + 55*r - 2. Calculate k(3).
19
Let y(v) be the first derivative of v**2/2 + 13*v - 98. Suppose -o + 6*t - 2*t = -8, 3*o = -5*t - 10. Let u be 2 - (-2 + o + 10). Give y(u).
7
Let f(h) = 4 - 2*h + 6*h - 13*h - h**2 + 5*h - h. Suppose 4*a - 8 = 3*x, 2*x + 7 + 5 = -4*a. Let j be (2 - 3*a)*-1. Give f(j).
4
Let t(i) be the third derivative of -i**4/12 - i**3/6 - 111*i**2. Determine t(-5).
9
Let l(j) = 5*j**3 + 2*j - 4. Let w(p) = -4*p**3 - p**2 - 2*p + 3. Let t(x) = 2*l(x) + 3*w(x). Give t(-2).
9
Let j(m) = -2*m - 14. Suppose 4*b + 37 = -w + 40, -4*w - 3*b - 14 = 0. What is j(w)?
-4
Let b(y) = y**2. Let n(a) = a**3 + a - 11. Let o(l) = b(l) + n(l). Give o(0).
-11
Let t be (-3)/2*130/15. Let l = t - -9. Let y(n) = n**2 + 4*n - 1. What is y(l)?
-1
Suppose 2*g + 34 = 4*h - 0*g, h + 3*g - 12 = 0. Suppose 0 = k - 5*k + h*k. Let m(x) = x**3 - x**2 - 13. Give m(k).
-13
Let y(n) = -n - 18. Let r be y(-21). Let c(s) = s - 9 - s**2 + 8 + 0 - 6*s**3 + s**r. Give c(1).
-6
Let l(w) = -w - 103 + w**2 + 27 + 23 + 52 - 10*w**3. Give l(1).
-11
Let t(u) = u**3 + 2*u**2 - 4*u - 4. Let b be t(-3). Let l = b - -4. Let i(a) = 5*a - a**2 - 5 - a**2 + 2 + a**3 - 2*a**2. Determine i(l).
3
Let t be -6*(-10)/(-15) + (-3)/(-3). Let f(y) = 2*y + 4. Calculate f(t).
-2
Let d(y) = 123*y + 2 - 4 - 126*y. Determine d(-6).
16
Let b = -348 + 351. Let v(x) = -10*x - 2. Give v(b).
-32
Let q(v) = -v**2 + 3*v + 1. Let n(c) = -16*c + 357. Let o be n(22). Give q(o).
-9
Let i(t) = -t**2 - 6*t - 7. Let p be i(-5). Let h(l) = -2522534*l + 1 - 2*l**2 + 3*l**2 + 2522534*l. Calculate h(p).
5
Let q(b) = b + 4. Let k be 170/(-68)*(-4)/(-2). What is q(k)?
-1
Let g be (-7)/5 - 4/(-10). Let b(h) = 12*h - 1. Let z(o) = -17*o + 2. Let q(u) = -5*b(u) - 3*z(u). Calculate q(g).
8
Let i(y) = -y**3 + y - 2. Suppose -h + 37 = 4*f, -h - 2*f - 44 = -3*h. Suppose -h*z = -24*z - 3. What is i(z)?
-26
Let k(p) = p**2 + 13*p + 3. Let d be k(-12). Let v = d + 12. Let r(n) = -n**2 + 2*n + 1. Give r(v).
-2
Let l = 2 + -1. Let v be ((0 - 1 - 1) + 1)/l. Let j(w) = -w**3 - w**2 + w + 1. Determine j(v).
0
Suppose 4*v + 2*m = 30, 0 = v - 4*v - m + 25. Let w = v + -8. Let g(l) = -11*l**2 - 9*l + 13*l**2 + 8*l + 1. Determine g(w).
7
Let t(n) be the first derivative of -n**2/2 - 2*n + 183. Calculate t(-9).
7
Let s(p) = 12*p - 5 + 3 + p**2 - 7*p - 1. Give s(-6).
3
Let f(i) = i**2 - 15*i + 10. Suppose -3*x - 2*a + 40 = 0, 2*x - 45 = -x + 3*a. What is f(x)?
-4
Let f be ((-45)/(-18))/((-1)/2). Let a(z) = -4*z - 10. Let w(b) = 2*b + 4. Let h(c) = 2*a(c) + 5*w(c). Calculate h(f).
-10
Let w(a) be the third derivative of -a**4/8 - 5*a**3/2 - 319*a**2. What is w(-4)?
-3
Let i(b) be the second derivative of b**3/3 + 13*b**2/2 - 13*b - 1. What is i(-12)?
-11
Let i(a) = 4*a + 1. Let d(j) = -14*j - 46. Let q be d(-4). Let u(w) = 2 + 4*w**2 + 7*w**2 + 0 - 10*w - w**3. Let l be u(q). What is i(l)?
9
Let c(a) = -2*a**2 - 10*a - 5. Let r be c(-2). Let w(t) = t**3 - 7*t**2. Determine w(r).
0
Let c(t) = -t + 2. Let m(i) = -5*i - 3. Let y(q) = 3*c(q) - m(q). Give y(-1).
7
Let r(o) = 7*o**3 + 2*o**2 + 5*o + 4. Let h(w) = 5*w**3 + 2*w**2 + 4*w + 3. Let t(j) = -4*h(j) + 3*r(j). Determine t(-1).
-2
Let k(y) = 4*y**3 + y**2 + 9. Let u(f) be the second derivative of f**5/20 + f**4/12 - f**3/6 + f**2/2 + f. Let z(m) = -k(m) + 5*u(m). Determine z(-5).
-4
Let h = -73 + 79. Let l be (-24)/(-10)*15/27*h. Let m(z) = z - 3. Give m(l).
5
Let u(r) = r**2 + 2*r - 1. Let f = -22 - -23. Let j be f/(3/(-9)) + -1. Determine u(j).
7
Let z(q) = -5*q**2 + 3*q + 2. Let f(t) = 2*t**3 - 29*t**2 - 14*t - 10. Let x be f(15). Suppose x*o - 5 = -15. Determine z(o).
-24
Let s(q) = 21*q - 5*q - 10*q - q**3 + 3*q**2 - 1 + 4. What is s(5)?
-17
Suppose 1 = 2*y + 7. Let i be (-5)/(-15)*y*5. Let l(j) = 4*j - 1. Determine l(i).
-21
Let m(k) = -2*k**2 - 2*k + 4. Suppose l - 15 = -3*y, -3*y - 4 + 10 = -2*l. Let p = -4 - l. Let h = -10 - p. What is m(h)?
-8
Let t(w) = w**3